e tens digit of r?
1
Let p be ((-9)/18)/((-1)/2). Let l be p - 3/(2 + 1). Suppose 3*b + 4*f - 106 = 0, -3*b - f - 4*f + 107 = l. What is the units digit of b?
4
Let x = -29 - -31. Suppose r - 4*r - x*c = -8, 2*r - 6 = -c. What is the units digit of r?
4
Let j(y) = 48*y**2 - 2*y - 23. What is the hundreds digit of j(-7)?
3
Let x(f) = -35*f**2 - 2*f + 2. Let w be x(1). Suppose r + 87 = q, 3*q = 6*q - r - 267. What is the units digit of (q/w)/((-4)/84)?
4
Let x(l) = 16*l + 1. Let k be x(-1). Suppose -5*j + 3*c = -11, 5*c - 10 = -2*j + 13. Let a = j - k. What is the units digit of a?
9
Let t(a) = a + 10. Let w be (2/2)/((-6)/48). Let c be t(w). Suppose 5*s - 4*r = 156, -68 = -2*s + r + c*r. What is the tens digit of s?
2
Let a(j) = j**2 + j + 4. Suppose 5*u + 39 - 9 = 0. Let f be a(u). Suppose -3*y + 2*y = -f. What is the units digit of y?
4
Let n = 373 + -213. What is the hundreds digit of n?
1
Suppose -20*k + 50866 = 9*k. What is the hundreds digit of k?
7
Suppose 0 = 5*m - r - 3989, 5*m - 2*r - 2*r - 4001 = 0. What is the tens digit of m?
9
Suppose 5*q + 3 = -17. Let p be 4/(-16) + (-9)/q. Suppose 2*u - p*a = -4*a + 12, 0 = -5*u + 3*a + 46. What is the units digit of u?
8
Suppose -5*n - n + 54 = 0. Suppose 816 = n*b - 669. What is the units digit of b?
5
Suppose 2*x + 2142 = 3*f, -2127 = -2*f - f - 3*x. What is the units digit of f?
2
What is the units digit of -5*(7 + (-1026)/10)?
8
Suppose 0 = -3*k + 5*r + 2553, -4*k + 0*r = -2*r - 3390. What is the hundreds digit of k?
8
What is the tens digit of 2416/(-28)*(-2849)/74?
2
Let u(d) = -556*d - 19. What is the tens digit of u(-3)?
4
Let y be 252/66 + 2/11. Suppose y*t - 1 = 43. What is the tens digit of t?
1
Let d = 1745 - 1694. What is the tens digit of d?
5
Suppose 5*j - 4*g - 17025 = 0, 3*j - 3*g - 4624 = 5588. What is the tens digit of j?
0
Let u = 43 + -39. Suppose -u*r + 4*d = -224, -5*d = -5*r - d + 280. What is the units digit of r?
6
Let b(d) = -4*d**2 + 3*d**2 + 3*d - d - 2. Let x be b(6). Let i = -6 - x. What is the units digit of i?
0
Let h = 2697 - 2018. What is the units digit of h?
9
Suppose 0*c - c - 1408 = 0. Let r be c/(-55) - (-3)/(-5). Let b = r - -20. What is the tens digit of b?
4
Suppose -24 = -r - 5*r. What is the hundreds digit of r - (-139 - (-5 - 0))?
1
Let y be 9/24 - (-4276)/32. Suppose 0 = 5*m + 3*d + d - 202, -3*m + y = -4*d. What is the tens digit of m?
4
What is the tens digit of (4 - (-3 - 1))*(-42)/(-4)?
8
Let m be 2/(-8) - (-1545)/20. Suppose 3*q = -m + 983. Suppose 0 = -2*z - 5*g + g + 104, -5*z + q = -4*g. What is the units digit of z?
8
Let z = -329 + 653. Suppose 0 = -17*d + 19*d - z. What is the hundreds digit of d?
1
Let x(f) = -f**2 + 15*f + 4. Let t be x(15). Let n(v) = -5*v**2 - 8*v + 3. Let w(o) = o**2. Let l(h) = t*w(h) + n(h). What is the units digit of l(-7)?
0
Let k(f) = -4*f**2 - 148*f - 19. What is the units digit of k(-21)?
5
Let v(k) = 23*k - 65. What is the tens digit of v(17)?
2
Suppose 48 = -u + 10. Let y = -8 - u. What is the tens digit of y?
3
Suppose 33*j - 12*j - 26397 = 0. What is the units digit of j?
7
Suppose 0 = 12*w + 168 - 2484. What is the hundreds digit of w?
1
Suppose 677 = 3*c + 2*o - 7479, 0 = -5*c - 3*o + 13595. What is the thousands digit of c?
2
What is the tens digit of (-6)/21 + 20*(-213)/(-14)?
0
Let g be (5/3)/((-1)/(-3)). Suppose 4*n = -3*z + 247, -n = -0*z - g*z + 404. What is the tens digit of z?
8
Let z(t) = -7*t**2 + 2*t + 1. Let k be z(-1). Suppose r + 3*w + 9 = -0*r, 2*w = r - 11. Let a = r - k. What is the tens digit of a?
1
Suppose 5*r + 3524 = 2*k, r = -21 + 19. What is the thousands digit of k?
1
Let u be 36/(-54) + (-20)/(-3). Let a(n) = -n**3 + 9*n**2 - 6*n + 3. What is the tens digit of a(u)?
7
Let q be -1 + 2 - (16 + -19). Let r(i) = 15*i + 10. What is the tens digit of r(q)?
7
Let w(j) = -2*j - 1. Let z be w(1). What is the tens digit of (2 - 3)/(z/177)?
5
What is the tens digit of ((-45)/10 + 4)*(-1570 + 2)?
8
Let u(j) be the third derivative of j**5/60 - j**4/6 - 7*j**3/3 - 9*j**2. What is the units digit of u(-10)?
6
Suppose 2*d + 0 = 2, -15 = -5*m - 5*d. What is the hundreds digit of (m/(-3))/(4/(-684))?
1
Let d(s) = -8*s**3 - 3*s**2 + 6*s + 23. What is the hundreds digit of d(-4)?
4
Suppose 4*h + 3*o = 3*h - 13, -2*h = -5*o - 29. Suppose -3*m - 25 = 5*y, 5*m + h = 4*y + 22. Suppose -3*v + 30 - 12 = m. What is the units digit of v?
6
Suppose 29 = 3*i + 20. Suppose 0*j + 4*j - t = 602, -i*j + 455 = t. What is the units digit of j?
1
Let n be (17 - 2) + (-1 - -2). Suppose -3*o - 18 - 92 = -5*z, z = o + 24. Let s = z - n. What is the units digit of s?
3
Let u(c) = -c**2 + 5*c - 2. Let v be u(3). Suppose v*d - 139 = 349. What is the hundreds digit of d?
1
Suppose -24 = -5*j - 3*f + 226, 2*j = 3*f + 79. Let g = -19 + 21. Suppose -j + g = -p. What is the units digit of p?
5
Let h(t) = 3*t + 235. What is the hundreds digit of h(23)?
3
Suppose 0*b - 3*b + 15 = 3*s, 43 = 5*b - s. Suppose -3*k = -b*k. Suppose -2*u - 3*u + 45 = k. What is the units digit of u?
9
Let m(v) = -v**3 - 4*v**2 + 3*v - 5. Let h be m(-7). Suppose -2*p = -5*c + 206, -10 + h = 3*c + 3*p. What is the tens digit of c?
4
Let o(l) be the third derivative of l**5/60 - l**4/3 + 3*l**3/2 - 3*l**2. Let k be o(7). Suppose k*a = 5*a - 93. What is the tens digit of a?
3
Let f(u) = u**3 - 9*u**2 + 6*u - 12. Suppose -64 = -4*w - 24. What is the hundreds digit of f(w)?
1
Let i(s) = s**3 - 20*s**2 + 4*s + 1. What is the units digit of i(23)?
0
Let v(o) = -1251*o + 16. What is the units digit of v(-2)?
8
Let p = 37 + -32. Suppose 0 = p*w - 372 + 57. What is the units digit of w?
3
Let y(c) = c**3 + 26*c**2 - 86*c + 22. What is the units digit of y(-28)?
2
Let t(x) = -x**3 - 16*x**2 - 30*x - 19. What is the tens digit of t(-15)?
0
Suppose -234 = o - 3*o. Suppose 33*a - 30*a = o. What is the units digit of a?
9
Let y(t) = 179*t**3 - t**2 - 3*t - 1. Let j be y(-1). Let x = -67 - j. What is the hundreds digit of x?
1
Suppose 14*u = 18*u - 3116. What is the hundreds digit of u?
7
Suppose 756 = 18*w + 3*w. Suppose 4*v + v + w = i, 2*v + 88 = 5*i. What is the units digit of i?
6
Let m be (-1)/1*(-1 + -44). Let h = m + -35. What is the units digit of h?
0
What is the thousands digit of 6/9*-3307*(-9)/6?
3
Let l be (-30)/(-4)*30/(-45). Let i = l - 6. Let b = i + 31. What is the tens digit of b?
2
Let i = -238 - -733. Let k = i + -290. What is the units digit of k?
5
Let r be (-3)/(3/(1 + 2)) - -6. Suppose u - 2*j + 5 = 81, 380 = 5*u - r*j. What is the tens digit of u?
7
Suppose -2*p - 1 + 11 = 0. Let n be (1/1)/(p/10). Suppose j - 150 = -n*j. What is the units digit of j?
0
Suppose -3 = -u - 2*h - 2, -4*u = -3*h + 18. What is the tens digit of (u + -1 + 3)*-46?
4
Suppose -5*f + 24 = 4*o, -f = f - 5*o - 3. Suppose 4 = 4*i, f*z + 0*z - 805 = 3*i. What is the units digit of z?
2
Let l(i) = -398*i**3 + i**2 + 13*i + 22. What is the units digit of l(-2)?
4
Let b(j) = 11*j**2 + 22*j + 106. What is the tens digit of b(-4)?
9
Suppose -4*i + 5*v = -13396, 5170 = i - 5*v + 1836. What is the hundreds digit of i?
3
Suppose 0 = -4*n + 2*j - j - 190, -2*n = -3*j + 90. Let v be n/(-18)*(-6)/(-4). Suppose 0 = -a + 4*k + 4, v*a = 8*k - 3*k + 16. What is the units digit of a?
4
Suppose -5*z = -0*z - 25. Suppose -3*t + 8*t = 5*l - 50, t - 14 = -2*l. Suppose c - l + z = 0. What is the units digit of c?
3
Let y(v) = 39*v**2 - 3*v + 2. Let n be y(4). Suppose 5*w = 7*w - n. Suppose -w = -5*h + 3*o, 0 = 5*h - 2*o - 222 - 81. What is the units digit of h?
9
Suppose -t = -2 + 20. Let r = -12 - t. Suppose -9*g + r*g + 81 = 0. What is the tens digit of g?
2
Suppose 0 = 2*x + k + 11, -4*k - 6 = 3*x - 2. Let l be 12/2 - (x - -8). Suppose -l*d + 160 = -d. What is the tens digit of d?
3
What is the tens digit of (-50)/(-8 - -18) + 2069?
6
Suppose -4*p = 2*u + 16, -3*p + 8 = u - 5*p. Suppose -5*n - 32 + 12 = u. What is the units digit of (n + (-28)/(-12))*-15?
5
What is the tens digit of 187/(-1)*(7 + -2 - 6)?
8
Suppose -19*v = 2036 - 20162. What is the units digit of v?
4
Let d be ((-44)/6)/(8/(-60)). Suppose -l + 18 = d. Let o = 57 + l. What is the units digit of o?
0
Let x(z) = 7*z**2 - 2. Let r be x(3). Let u = -32 + r. What is the tens digit of u?
2
Let w(k) = 3*k**3 - 9*k**2 - k -